) be the second derivative of z**5/20 + 11*z**4/12 + 5*z**3/3 + 5*z**2/2 + 5*z. Calculate the remainder when 14 is divided by u(-10).
4
Suppose 0 = -f + 4*q + 153, 3*f - q = -183 + 598. What is the remainder when f is divided by 36?
29
Let p(b) = -b**3 - 12*b**2 + 38*b + 20. Calculate the remainder when p(-15) is divided by 21.
20
Suppose -12*f + 121 = 13. What is the remainder when 42 is divided by f?
6
Let g(t) = 4*t**2 - 2*t - 5. Let q be g(2). Let p(f) = 16*f - 71. Calculate the remainder when p(q) is divided by 11.
8
Suppose 8*g + 28*g = 32688. What is the remainder when g is divided by 13?
11
Let j = -9 - -12. Suppose 2*s = -4*u + 430, j*u + u = -3*s + 431. What is the remainder when u is divided by 27?
26
Let f = 2 + 20. Suppose 315 = 3*l - 4*d + 848, 5*l = -4*d - 867. Let b = l - -260. What is the remainder when b is divided by f?
19
Calculate the remainder when 434 is divided by (-560)/(-7) + 5 + 2.
86
Let l = -359 + 400. What is the remainder when 79 is divided by l?
38
Let h = -477 - -502. Let s = 4 + 68. Calculate the remainder when s is divided by h.
22
Let q be (-1)/((-2)/(-4)) - 12. Let w(t) = 2*t + 4. Let y(j) = 3*j + 4. Let m(h) = 4*w(h) - 3*y(h). What is the remainder when 51 is divided by m(q)?
15
Suppose -862*k + 3660 = -842*k. Suppose -4*d = 36 - 220. Calculate the remainder when k is divided by d.
45
Suppose -5*m = -5*y - 0*m + 50, -4*m = 4*y - 72. What is the remainder when 4 is divided by ((-12)/10)/(y/(-35))?
1
Let g(q) = -2*q**2 - 60*q + 64. Calculate the remainder when 19 is divided by g(-31).
1
Let j(g) = 54*g + 13. Let z be j(6). Suppose 2*u + z - 5 = 0. Let y = -92 - u. Calculate the remainder when y is divided by 19.
17
Let u(q) = -q**3 - 7*q**2 - q + 5. Let g be u(-6). Let h = -18 - g. What is the remainder when 12 is divided by h?
5
What is the remainder when 1603 is divided by 584/10*(-10)/(-160)*40?
143
Calculate the remainder when 597 is divided by (-1)/((-16)/(-64)) + 44*1.
37
Let p be -2 - (4 - -2)*-1. Suppose -p*r = 1 - 17. Suppose 0 = -s + 13 - 0. What is the remainder when s is divided by r?
1
Suppose -403*t - 565 = -408*t. Calculate the remainder when t is divided by 38.
37
Suppose -115*d + 113*d = -2. Calculate the remainder when 10 is divided by (3 - -1)*d + -2.
0
Let w(t) = -t + 58. Calculate the remainder when 169 is divided by w(54).
1
Suppose -d + 80 = -2*m, -2*d - 3*m - 228 = -5*d. Suppose 3*y + 3 = 0, 0 = 4*j + j - 2*y - d. Let z = j - -1. Calculate the remainder when z is divided by 4.
3
Suppose 1385 = 8*k + 81. Calculate the remainder when k is divided by 13.
7
Suppose 0 = 3*u - 7 + 1. Let p = u + 14. What is the remainder when 47 is divided by p?
15
Let f be (1 + 4/1)/1. Suppose 16 = -3*h - 5*a, 0*a - 2*a = f*h + 33. Let g = 12 + h. What is the remainder when 7 is divided by g?
2
Suppose 8*z - 11*z + 297 = 0. Calculate the remainder when z is divided by 17.
14
Suppose 2*c + 4*z - 192 = 86, 3*z + 453 = 3*c. Calculate the remainder when c is divided by 25.
22
Let f(t) = -t**2 - 25*t - 14. Let i be f(-24). Suppose 0 = 2*b - i - 10. What is the remainder when 49 is divided by b?
9
Suppose -2*i + 256 = -4*d, -2*i + 3*i = -2*d + 120. Suppose 7*l - i = 212. What is the remainder when l is divided by 13?
9
Suppose -32 = -5*p - 92. Let g = 34 + p. What is the remainder when g is divided by 8?
6
Let m(w) = -87 + 96 - 10*w + 4*w**2 - 5*w**2. What is the remainder when m(-4) is divided by 4?
1
Let m = 198 - 103. Suppose -3*a + 10 = 2*t, 2*a + t = 2*t + 2. Suppose a*r + 24 = 3*r. What is the remainder when m is divided by r?
23
Let h = 31 - 29. Suppose -h*q + 0*k + 59 = -5*k, -k = 5. Calculate the remainder when q is divided by 3.
2
Suppose 3*p - 8*p - 3*b = -44, 4*p = 3*b + 19. Suppose p = 3*y + 1. Calculate the remainder when (-2)/(((-4)/62)/y) is divided by 13.
10
Suppose 0 = -3*z - 12, 4 = -2*y + z - 4. Let p be (-52)/y*21/7. Suppose 2*c - 2*q + 0*q - p = 0, 0 = 4*q + 16. What is the remainder when 34 is divided by c?
7
Suppose -7*u + u = -576. What is the remainder when 201 is divided by u?
9
Let w = 6 + 5. Let c = w + -5. What is the remainder when 44 is divided by (c/4)/((-5)/(-50))?
14
Let s = 52 + -36. Let x = 40 - 11. What is the remainder when x is divided by s?
13
Let t(l) = l**2 - l + 3. Let s be t(0). Let w(h) = -71*h - 373. Calculate the remainder when w(-6) is divided by s/(6/34) - -1.
17
Suppose -240 - 108 = -6*c. Calculate the remainder when 225 is divided by c.
51
Let h(i) = 18*i - 568. Calculate the remainder when h(34) is divided by 19.
6
What is the remainder when 68 is divided by 1*15*(-3)/(-5)?
5
Let g = -229 + 343. Calculate the remainder when g is divided by 51.
12
Let i(b) = -b + 5. Suppose -2*h + 14 = 4*k - 4*h, 10 = 4*k + 2*h. Suppose 4*g - k*g - 8 = 0. Calculate the remainder when g is divided by i(0).
3
Suppose 19 = 19*z - 95. Let d(y) = y**2 + 3. What is the remainder when d(5) is divided by z?
4
Suppose -73 = -4*r - 5*m, m - 39 = -5*r + 26. Calculate the remainder when 287 is divided by r.
11
Let b(n) = 7*n + 5. Let z be b(1). Suppose -4*p = -256 + z. Calculate the remainder when p is divided by 16.
13
Suppose 154 + 276 = 2*w. Suppose -4*u + w = 55. Suppose o = f + 16, 72 + 43 = 5*o + 2*f. What is the remainder when u is divided by o?
19
Suppose 72 = 11*x - 2*x. Suppose -d + 3 = -2*d, -l - 2*d + 73 = 0. What is the remainder when l is divided by x?
7
Suppose 3*k = -x - 9, 0 = -4*k - 2*x - x - 12. What is the remainder when 27 is divided by 11/(((-3)/1)/k)?
5
What is the remainder when (-5320)/(-25) + (6 - 8)/(-10) is divided by 36?
33
Suppose c = -10*c + 231. What is the remainder when 268 is divided by c?
16
Suppose 0*c + 4*r = c - 29, 2*c = 2*r + 28. Let o be (-506)/(-33) - (-2 + 7/3). Let g = c + o. Calculate the remainder when 46 is divided by g.
22
What is the remainder when -1 + 1 - (-21 - 0) is divided by (-18)/(-39)*(-52)/(-4)?
3
Let d = -4 - -18. Let i(r) be the second derivative of 2*r**4 + r**3/2 - r**2 - 2*r. What is the remainder when i(1) is divided by d?
11
Calculate the remainder when 89 is divided by 44/14*266/19.
1
Let s = -21 + 34. Let x = 9 + s. What is the remainder when 40 is divided by x?
18
Let n = -215 - -112. Let f = -50 - n. Calculate the remainder when f is divided by (0 - -6)/(9/42).
25
Let w(x) be the first derivative of -x**4/4 - x**3 + x**2 - x - 1. Let g = 224 - 191. Calculate the remainder when g is divided by w(-4).
5
Suppose -l + 4*l - 12 = 0. Suppose 4*h - 12 = -n + 5*n, -h = -2*n - l. Suppose -h*o = 3*o - 80. Calculate the remainder when 93 is divided by o.
13
Suppose 5*h = h + 68. Suppose 0*v = -v - 4*w + 1, -2*w = 2*v - 8. Let o = v - -5. What is the remainder when h is divided by o?
7
Let g(q) = q + 9. Let d be g(-6). Suppose -8*b = -d*b - 395. Suppose -5*m + 134 = i, -56 = -2*m + i + i. Calculate the remainder when b is divided by m.
25
Let k = 24 - 20. Suppose 2*m = -k*z + 20, 0 = 2*z - m - 2*m - 18. What is the remainder when 20 - 4*3/z is divided by 7?
4
Let j(u) = -u**3 + 25*u**2 - 22*u - 32. What is the remainder when 110 is divided by j(24)?
14
Suppose -d - v = -202, 269 = d - 3*v + 75. Suppose -3*a = -7*a + d. Let o = -16 + 29. What is the remainder when a is divided by o?
11
Suppose 0*l - 4*l = -84. Let a(s) be the second derivative of -s**4/12 - 13*s**3/6 + 5*s**2 + 23*s. What is the remainder when a(-10) is divided by l?
19
Suppose 10*c - 5*c - 335 = 0. Suppose 2*d + 9 = c. Let q(b) = 5*b - 2. Calculate the remainder when d is divided by q(2).
5
Let x = -470 + 500. Calculate the remainder when x is divided by 25.
5
Calculate the remainder when 746 is divided by 1 + 35 + 89 + -95.
26
Let a(z) = -z**3 - z**2 + 19*z + 12. Calculate the remainder when a(-7) is divided by 8.
5
Calculate the remainder when 3*(-2)/6*-22 is divided by 4.
2
Calculate the remainder when 12/15*4505/17 is divided by 32.
20
Let j(p) = -2*p**2 + 4*p + 10. Let c(t) = -2*t**2 + 4*t + 11. Let b(y) = 3*c(y) - 4*j(y). What is the remainder when b(6) is divided by 16?
9
Let x be (-92)/(-8) + (-1)/(-2). Suppose 42 = x*g - 11*g. Calculate the remainder when g is divided by 12.
6
Let n(f) = -2*f. Let y be n(2). Let r be (-2)/8 + (-285)/y. Let j = 102 - r. What is the remainder when j is divided by 8?
7
Let z(f) = -4*f - 13. Let t be z(-6). Suppose 5 = -5*